 common factor of r and 10?
2
Let n be (18/(-15))/(12/(-200)). Calculate the highest common factor of 50 and n.
10
Let v(f) = f**2 + 45. Suppose 3*q + 2*q = 10. Suppose -3*b - b + o = -2, 3*b = o + q. Let n be v(b). Calculate the greatest common factor of 18 and n.
9
Suppose u - q = 2, 5*u = 2*u + 4*q + 6. Suppose -5*r + u*r + 18 = 0. What is the highest common divisor of r and 30?
6
Suppose 4*j = 5*i + 101 - 11, 2*j - 10 = 0. Let o = -22 - i. Let a(l) = -3*l - 9. Let c be a(o). What is the highest common divisor of 120 and c?
15
Let x be (-4)/(-16)*(2 + 2*21). What is the highest common divisor of x and 22?
11
Let x be 67 + 4/(20/15). What is the greatest common factor of x and 10?
10
Suppose 0*g + g = 4. Let w be (96/(-9))/(g/(-30)). What is the greatest common divisor of w and 32?
16
Suppose u - 30 = -q, -2*u - q + 46 = -10. Let f be 4/(-5) - ((-414)/15)/2. What is the greatest common factor of f and u?
13
Let f = -43 - -51. Let k be 6 - -3 - (-1)/(-1). Calculate the greatest common divisor of f and k.
8
Suppose 5*y = -3*q + 335, 0 = -4*y - 5*q + 299 - 44. What is the highest common divisor of 10 and y?
10
Let s(t) = t**3 + 11*t**2 + 10*t + 1. Let y be s(-10). What is the greatest common factor of 4 and y?
1
Let z be (-321)/(-9) + (-2)/(-6). Suppose -4 - 5 = 3*k. Let g(i) = -i**2 - 7*i - 3. Let q be g(k). Calculate the highest common factor of z and q.
9
Let n = -7 - -12. Let m(c) = c - 2. Let d be m(n). What is the highest common divisor of 15 and d?
3
Suppose 2*h + 3*o = 111, -35 = 3*h + o - 212. Let k(u) = 2*u**3 - 2*u**2 + 2*u. Let r be k(2). Calculate the highest common divisor of r and h.
12
Let t = 7 - -7. What is the greatest common factor of t and 98?
14
Suppose 178 = 3*y - 53. Calculate the greatest common divisor of y and 7.
7
Suppose 140 = 5*q - 0*q. Let h(y) = 3*y - 2. Let r be h(3). Calculate the greatest common divisor of r and q.
7
Suppose -8*g = -6*g + 2. Let z be g/((-4)/(-52))*-1. Calculate the highest common divisor of 143 and z.
13
Suppose 0 = 2*f + f - 45. Let n = f + -13. What is the highest common factor of n and 14?
2
Let v = 3 - 7. Let z(a) = a + 5. Let g be z(v). What is the highest common divisor of 11 and g?
1
Suppose 6*v = 3*v + 33. Let k(q) = q**3 + 2 + v*q**2 + 0 + 2 + 7*q. Let d be k(-4). Calculate the highest common factor of d and 11.
11
Let d = -33 + 109. Suppose 6*c - 10*c = -d. Calculate the greatest common divisor of c and 133.
19
Let w be 27 + (-6)/(3 - 1). What is the highest common divisor of w and 16?
8
Suppose 5*a + 10 + 0 = -2*u, 5*u - 2*a = -25. Let o = 5 - u. Calculate the highest common factor of o and 90.
10
Suppose 11*r - 225 = 6*r. Let c(a) = a**2 + a + 1. Let b be c(-2). Let l(q) = q**2 + q + 3. Let u be l(b). Calculate the highest common divisor of r and u.
15
Let n(j) = j**3 - 19*j**2 - 13*j + 50. Let a be n(20). Calculate the greatest common divisor of 10 and a.
10
Suppose 0*f = -f + 4. Suppose -4 = f*m + 3*c - 106, -94 = -4*m + c. Calculate the greatest common factor of 8 and m.
8
Let a(y) = -y**2 - 5*y - 4. Let f be a(-2). Suppose 2*z - 2*p = 48, 5*z + f*p - 58 - 41 = 0. What is the highest common factor of z and 63?
21
Suppose 20 = v - a, -3*a = 3*v + 2*a - 68. What is the greatest common divisor of 168 and v?
21
Let q = 43 + -101. Let u = q + 112. Suppose -18 = -2*p - p. Calculate the greatest common divisor of p and u.
6
Let z = -5 - -17. Suppose 5*t = 377 + 283. Calculate the greatest common divisor of t and z.
12
Suppose -4*t + t + 15 = 0, -2*t = -5*n + 870. Calculate the greatest common factor of n and 16.
16
Let q(k) = k**2 - 2*k. Let u be q(4). Let g = 0 + 1. Let i be 2 - g/((-2)/20). What is the highest common divisor of i and u?
4
Suppose 5*f + 117 = -2*q - 23, 20 = -4*q. Let d be f/(-5 - -2 - -1). What is the highest common divisor of 143 and d?
13
Let q = -85 - -91. What is the highest common divisor of 42 and q?
6
Let y = 436 + -274. Calculate the greatest common factor of y and 18.
18
Let l = -64 - -438. Calculate the highest common factor of 34 and l.
34
Let d be 2 - (3 + -4 - 240). Calculate the highest common divisor of d and 27.
27
Let g(f) = -f**2 + 12*f - 10. Let p be g(10). Calculate the greatest common divisor of 10 and p.
10
Suppose 61 + 39 = 4*i. Suppose 4*h + 0*h - 95 = 5*d, -2*h = 5*d - i. What is the highest common divisor of h and 30?
10
Suppose 16 = 3*b - 38. Suppose 1 = 4*k + 9. Let n be ((-3)/k)/(2/12). Calculate the greatest common divisor of b and n.
9
Let q = -2 + 3. What is the highest common divisor of q and 2?
1
Let j = 1 + 3. Suppose 10 + 8 = 3*z. Suppose 0 = -3*k + 3*n + 18, z*k - n - 10 = 4*k. Calculate the highest common factor of k and j.
4
Suppose -3*d = 2*h + 3*h + 51, -4*d = 3*h + 57. Let r be (-42)/4*8/d. Calculate the greatest common factor of r and 70.
7
Let u(g) = -g**2 - 3*g - 3. Let v be u(-3). Let x = v + 5. Calculate the highest common divisor of x and 14.
2
Suppose 5*w = 7*w - 10. Calculate the greatest common divisor of w and 45.
5
Suppose 0 = -3*r + 2*b + 662, 0*b = -3*b - 3. Calculate the highest common factor of r and 20.
20
Suppose 3*z - 60 = 39. Calculate the greatest common divisor of z and 132.
33
Let m(u) = u**3 + 11*u**2 - 4*u - 14. Let k be m(-11). Calculate the highest common divisor of 120 and k.
30
Suppose 10*r - 9*r = 1. Calculate the highest common divisor of 3 and r.
1
Let m be 1/((-14)/8 + 2). Suppose m*b - 15 = 5. Suppose 64 = -x + b*x. Calculate the greatest common factor of x and 40.
8
Let o = -7 - -10. Suppose -a = -o*n + 22, -4*a + 46 = 5*n - a. What is the greatest common factor of 4 and n?
4
Let g be ((-15)/20)/(-1 - (-153)/156). What is the greatest common factor of 13 and g?
13
Suppose 61 = 5*z + 2*x, -z + 5*x - 1 = x. What is the greatest common factor of 22 and z?
11
Suppose l + 3 - 27 = 0. Let n be (-6)/3 + 59 - -3. What is the highest common factor of l and n?
12
Let r(c) = -4*c - 1. Let s be r(1). Let q = 10 + s. Let a be (-146)/(-2) - 5/q. What is the greatest common factor of 9 and a?
9
Let c(r) = r + 4. Let q be c(3). Calculate the greatest common divisor of 56 and q.
7
Let j be (-24)/30*(-5)/2. Calculate the highest common divisor of 16 and j.
2
Let u be ((-12)/(-3) + -4)/1. Suppose -2*s + 24 = -3*k, 4*s + 5*k + u - 4 = 0. Calculate the highest common divisor of s and 6.
6
Suppose -s - s = -378. Let c(f) = -f**2 + f + 78. Let d be c(0). Suppose -2*m - 2*r = 2*m - d, -75 = -4*m - 3*r. What is the highest common factor of m and s?
21
Let h(n) be the first derivative of 3*n**2 - 2*n - 1. Let g be h(4). Calculate the greatest common divisor of g and 11.
11
Let r be (-1)/2 + (-1803)/(-6). Suppose 4*t + g - r = 177, -t + g = -113. Let m be 1/3 - t/(-6). Calculate the highest common divisor of 2 and m.
2
Let m be (-9 + 3)/(-2 - 0). Suppose 49 + 23 = m*p. What is the highest common divisor of 6 and p?
6
Let l(r) = -r - 1 + 3*r**2 + 3*r + 0*r. Let q(y) = -y**2 + 10*y + 9. Let v be q(11). Let o be l(v). Calculate the greatest common divisor of o and 28.
7
Let j(k) = 9*k**3 - k**2 + k - 1. Let y be j(1). Let d(t) = 11*t**2 + t + 2. Let z be d(-1). What is the greatest common factor of z and y?
4
Suppose -10*k - 165 + 825 = 0. Let u = 1 - -5. What is the highest common factor of u and k?
6
Let p(x) = -x**3 + 3*x**2 - x. Let n be (-3)/12*2*-2. Let v be p(n). What is the highest common factor of v and 4?
1
Let z be 4/(-18) - 29/(-9). Let y(i) = -i**2 - 5*i + 3. Let u be y(-5). Calculate the highest common divisor of u and z.
3
Let n(b) = -b**3 - 6*b**2 + 7*b + 4. Let v be n(-7). Suppose -4*s - o = -3*o - 64, 0 = -2*o - v. Calculate the greatest common divisor of 105 and s.
15
Suppose 10 = 3*a - 2*n, 4*n + 11 = 3. Suppose a*d = 4*d - 130. Suppose 5*r - 5*b = d, -5*b - 34 - 7 = -3*r. What is the highest common divisor of r and 48?
12
Suppose 0 = 5*f + 15, 0 = 2*a + 2*f - 37 - 173. Calculate the highest common divisor of 12 and a.
12
Let l(d) = -d**3 - 7*d**2 - d + 8. Let v be l(-7). Suppose -4*b + j + 9 = 0, 4*b = j - 2*j + v. What is the highest common factor of 21 and b?
3
Let c = 18 + 6. What is the highest common divisor of c and 8?
8
Suppose -15 - 175 = -5*r + 2*j, -25 = 5*j. Calculate the highest common divisor of 24 and r.
12
Suppose -5*h - 24 = -h. Let l be ((-2)/3)/(4/h). Let k be (3 + -1 - l) + 5.